 2 - ((-1 - -1 - -4) + -1).
-1
What is the value of -2 + 5 + -12 + 4?
-5
Calculate -18 + 6 - -8 - (0 + -2).
-2
What is -2 + -2 + -1 + 5?
0
Evaluate (4 - (-1 + 1 + -2)) + -3.
3
Calculate 2 + -5 - (2 - (4 - 0)).
-1
What is the value of -6 - (-4 - (-2 - 6)) - -5?
-5
What is 6 + -8 + 2 + (-2 - 1)?
-3
Evaluate -2 - (2 + 3 + -8).
1
(-4 - -10) + -3 - -2
5
What is 3 + 0 + -1 - 6?
-4
Calculate -5 + 4 - 0 - 4.
-5
What is the value of (2 - (2 - 2 - 2)) + -1?
3
What is the value of -5 + (6 - (-2 + -1))?
4
Evaluate -1 + (6 - (6 + 0)) + 7.
6
Evaluate 4 - (-9 - -5 - -1).
7
What is the value of 2 + 5 + (-5 - 5 - -5)?
2
What is -9 + 4 + -4 + (-4 - -9)?
-4
(-2 - 1) + (16 + -5 - 6)
2
-7 + 1 - (13 + -15)
-4
-4 - (-6 + 11) - -1
-8
What is -2 - (-3 + 3 + -2)?
0
Calculate -1 + -2 - -1 - (3 + -8).
3
Calculate -5 + (-2 - 3 - -4 - -1).
-5
Calculate 9 + -7 + -1 - (-2 - 0).
3
What is 31 + -39 - (1 + -7)?
-2
Calculate 57 + -58 + 6 + -1.
4
Calculate -4 + 5 + 2 - 3 - -1.
1
6 - (-5 + (-3 - -15))
-1
Calculate 4 - (9 - 8) - (2 + 1).
0
What is the value of (-2 + -3 - -3) + 1 + -1?
-2
2 + (-16 + 8 - -2)
-4
What is (-7 - -7) + 5 + (6 - 5)?
6
Evaluate -4 - -6 - (-4 + 11).
-5
Calculate 0 - -1 - (5 + 0).
-4
What is the value of -3 + (6 - 1) - 5?
-3
What is the value of (0 - 0) + 6 - 4?
2
23 + -17 - (-3 + 14 + -1)
-4
Evaluate -6 + 4 + 0 + -2 + 0.
-4
Evaluate 1 - ((10 - 6) + -4).
1
Calculate -10 + (15 + -9 - 3).
-7
Evaluate 3 + -3 + 5 + -3.
2
Evaluate -2 + (-2 - (3 + -3 - 3)).
-1
What is -2 + -1 + (2 - -21 - 19)?
1
Calculate 1 - ((0 - -4) + 5).
-8
Calculate -1 - (1 - (0 - -5)).
3
What is -9 - 1 - (13 - 17)?
-6
What is the value of (-2 - 6) + 7 + -3?
-4
What is 0 + -9 + (5 - (20 + -22))?
-2
What is -6 - -7 - (-10 - -6)?
5
What is the value of 1 + -4 - (1 + -8)?
4
Evaluate 0 - (-2 + -1 + 7 + 1).
-5
What is the value of 3 + (-1 - 4) + 2 - 3?
-3
What is the value of 2 + -2 + (-5 - (-9 - -7))?
-3
Calculate (3 - 15 - -6) + 6.
0
Evaluate -6 - (-5 - 1 - (23 - 24)).
-1
Evaluate -2 + 6 + 0 + -4.
0
Calculate (0 + -5 - 2) + 47 + -37.
3
What is -9 - (-3 + (3 - 4))?
-5
Calculate (-5 - 1) + 0 + 6.
0
What is -2 + 2 - (5 - 2)?
-3
Calculate 1 + (-13 - -4) + 6.
-2
What is -12 + -3 + (-1 - -9)?
-7
Evaluate -26 + 4 + (10 - -2).
-10
Evaluate 11 - (2 + 7 + 5).
-3
What is (2 - (7 - 15)) + -9?
1
8 + -1 + (-3 - (0 + -1))
5
0 + (-3 - -1) + (3 - -1)
2
-2 + (1 - (4 + -8)) + -2
1
What is the value of -4 - (0 + 4) - -8?
0
What is the value of -3 - 2 - (3 + -11)?
3
Evaluate -3 + (2 - 2) + -14 + 11.
-6
Evaluate 2 + -4 + -2 + 1 + 1.
-2
Evaluate 6 + -3 + (-6 - -7).
4
What is the value of -1 + 4 + -4 - (-2 - 2)?
3
What is 1 - (7 + -5) - -4?
3
Calculate -2 - ((0 - -3) + -1 - 4).
0
Evaluate (-1 - -2) + (-1 + 2 - 4).
-2
Calculate 44 - 40 - (9 - 0).
-5
Evaluate (3 - -4) + -17 + -6 + 14.
-2
Calculate 5 + (-4 - (1 + 3)).
-3
(4 - (3 + -1)) + -4 + 3
1
(-6 - (-6 + 4)) + 7
3
Evaluate 0 - 3 - (2 + -3).
-2
What is 3 + (-1 - 3) - -3?
2
Evaluate -5 - 0 - (81 - 82).
-4
4 + -2 + -3 - 0
-1
16 - 18 - (0 - 5)
3
What is 3 - (-1 - -1 - 2 - -4)?
1
What is the value of 1 - (0 + 0 - 3)?
4
Calculate 2 - 5 - 0 - 3.
-6
Calculate (-14 + 16 - -4) + (1 - 5).
2
What is -3 + 1 + 2 - 3 - -8?
5
What is (-3 - -6) + -4 + (3 - 1)?
1
Calculate (6 - 18) + 0 + 8.
-4
What is -12 - -10 - (2 + (1 - 2))?
-3
Evaluate (-4 - -6) + 0 - (-1 - 1).
4
What is -5 + (-3 - 2 - (-1 + 0))?
-9
3 - (-3 - (4 - (1 - -4)))
5
What is (5 - 4) + -5 + 1 + 0?
-3
Calculate (6 - -4 - 5) + 0.
5
Calculate -3 + 7 + (-1 - 0) - -1.
4
Evaluate -40 + 50 + (-1 - 5).
4
What is the value of 1 + -1 + (3 - 4)?
-1
0 + (-1 - (6 + -11 - -11))
-7
Evaluate -1 + 4 + 5 - (3 + 6).
-1
What is the value of -17 - (-5 + (3 - (-7 + 12)))?
-10
(10 - 12 - (3 - -1)) + 5
-1
Evaluate 2 + 3 + -2 + 2.
5
What is -1 + 0 + 2 + -11 + 10?
0
What is -5 + -4 + 5 + 2 - -6?
4
What is the value of (0 - 4) + 3 + -6 - -5?
-2
Calculate -4 + 4 + (-7 - -3).
-4
Evaluate -11 - (-4 + -1) - -5.
-1
Evaluate (-49 - -47) + 1 + -8.
-9
What is (47 - 33) + (-10 - 0)?
4
What is the value of 2 + -10 + 4 + 1?
-3
Evaluate (2 - 12) + 13 + 5.
8
Calculate 11 - 5 - (-3 - -6 - -9).
-6
What is (-1 - (2 - 2)) + -13 + 20?
6
Evaluate 2 + 0 - (26 - 21).
-3
What is the value of 3 + -15 + (-7 - -15)?
-4
What is (2 - (-3 + 5 - -1)) + 1?
0
What is 0 + 9 + -7 + -4?
-2
What is the value of -4 + 2 + 76 + -79?
-5
What is the value of (-3 + 6 - 4) + -5 + 3?
-3
What is the value of -8 + (8 - 4) + 7?
3
Calculate -1 - (0 + -2 + 6).
-5
What is the value of 5 - 4 - (2 + -6)?
5
Calculate -10 - (-8 + -5 + 6).
-3
Evaluate -6 + 1 - (3 - 3).
-5
What is the value of -2 + 5 - 7 - (-5 + 1)?
0
What is the value of 7 + (-8 - (3 + -3))?
-1
Calculate -2 + 3 + 1 + -4.
-2
Calculate -1 - (-1 + (-1 - (2 - 3))).
0
What is 5 - (-4 + -4 + 6)?
7
Evaluate -7 + 26 + -26 + 12.
5
What is the value of (-11 - (-6 + 5)) + 8?
-2
Calculate (-1 - 1) + (-13 - -13).
-2
Evaluate 0 + 2 + 0 + -4.
-2
What is the value of -2 + (-1 - 3 - -1)?
-5
Evaluate 8 + -4 + 5 + -6 + -3.
0
What is the value of (-25 - -21) + (-3 - -1)?
-6
Calculate 15 + (3 - 4 - 12).
2
Calculate -6 + 4 + -5 + 9.
2
Calculate -5 + (5 - 5) - (-6 + 7).
-6
What is the value of (15 - 19) + (1 - 3)?
-6
28 - 27 - (3 - (-1 + 5))
2
Calculate 7 + -5 + (4 - 0).
6
What is (1 - -13) + -19 + 11?
6
-1 - (2 + 1 - -1)
-5
What is 17 + -22 + (13 - 2)?
6
-1 - -8 - (3 - -9)
-5
Calculate (9 - 16) + 6 - -9.
8
Calculate 2 + 2 + -5 - 0.
-1
Evaluate -15 + 10 - (2 + 1).
-8
Evaluate -3 - (1 + (2 + -4 - -1)).
-3
0 - 4 - (2 + -3 + -1)
-2
Evaluate (-5 - -1) + (140 - 130).
6
What is -9 - 3 - (-5 - -2)?
-9
What is the value of (-4 - 6) + (0 - -14)?
4
Calculate -2 + 5 + 5 - 7 - 1.
0
What is -9 - (2 - (4 - -5))?
-2
Calculate 3 - -1 - (2 - 0).
2
What is the value of 0 + -8 + 9 - (-3 - 0)?
4
-11 + 5 + 7 + -3 + 11
9
Calculate (11 - 8) + 3 - 8 - 8.
-10
Evaluate 1 - (3 + 3 + -2 - 6).
3
Evaluate -2 + (0 - -3) + -1 - 3.
-3
What is the value of -9 - (8 - 15) - (2 + 1)?
-5
-19 - -19 - (2 + -2)
0
What is -11 + -5 + 3 + 7?
-6
Evaluate -51 + 33 + 0 + 11.
-7
Calculate 2 + 2 + -1 + (4 - 2).
5
What is 0 - (3 - (3 + -1))?
-1
-1 - ((11 - 6) + -7)
1
-170 + 171 - (-1 + -5)
7
What is -17 + 13 + (0 - 1) + 10?
5
(0 - -3) + -1 - 4
-2
What is -4 + 2 + 4 - 5?
-3
Calculate -8 + 3 + (-7 - -4).
-8
What is (-157 - -159) + 1 + 2 + 0?
5
Calculate 6 - (4 - (0 + -2) - 7).
7
What is -1 + 2 - 4 - -5?
2
What is the value of 8 - (6 - (-2 + 3)) - 12?
-9
What is 3 + (-1 + -4 - -7) + -10?
-5
What is the value of 7 - (4 - 6 - -13)?
-4
What is 3 - (6 + (-1 - 3) - -3)?
-2
Evaluate (-4 - 0) + -69 + 66 + 11.
4
Evaluate (-2 - -1) + -5 - (18 - 17).
-7
Calculate -2 - (-1 + 0 + 4 + -1).
-4
What is the value of -5 - -1 - (-9 - -1)?
4
3 + 6 + (-12 - -2)
-1
Calculate (20 - (13 - 2)) + -2.
7
What is the value of 5 + -10 + 12 + -5 + 4?
6
What is the value of (-1 - -2) + -1 - -1?
1
5 + 0 + 2 + -3 + -1
3
What is 2 - 2 - (0 + 6) - -1?
-5
What is (5 - -1) + -3 + (-17 - -18)?
4
What is the value of 6 - (-7 + 14 - -1)?
-2
Evaluate 1 + (9 - 7) + -2.
1
Evaluate -6 + 14 + (-2 - -4 - 5).
5
Evaluate -2 - (2 - (5 - (1 + 2))).
-2
Evaluate (4 + 4 - 5) + (4 - 5).
2
Calculate -8 + (21 - 6) + -6.
1
What is the value of -2 + 2 - -10 - (-2 + 8)?
4
Evaluate (-4 - -1 - (0 - 3)) + -4.
-4
What is the value of (0 - 6) + (-8 - (12 + -18))?
-8
Evaluate (-4 - (7 - 14)) + 0.
3
-6 - (-2 - (1 - 1))
-4
Evaluate (-1 - 7) + (81 - 67).
6
What is -1 + (-5 - -1 - (2 - 6))?
-1
What is -34 + 29 + 0 + 0?
-5
Evaluate -1 + (9 + 1 - (-7 + 12)).
4
What is the value of 9 + (8 - (-9 + 23))?
3
Evaluate -2 + (1 - (-7 - -4)).
2
Evaluate 113 + -119 - (-14 - -2).
6
(-8 + 12 - 7) + -1 + 12
8
What is (-3 + 4 - 1) + (12 - 7)?
5
What is the value of -1 + 0 + -5 - (67 - 72)?
-1
What is 3 + (1 - 4 - (0 - 0))?
0
What is 2 + (0 - 0) - (2 + -1)?
1
Evaluate 12 + -24 + (1 - -8).
-3
What is the value of -8 - (1 + (-1 - -1) + -4)?
-5
What is the value of -2 - (5 - (4 + (-7 - -6)))?
-4
What is the value of -1 + 3 - (-9 + 7 - -6)?
-2
5 + -8 + (1 - -1)
-1
Calculate 2 + 9 + (7 - 12).
6
What is 16 - (17 + -11 + 3)?
7
What is 1 - 0 - (2 - (-4 + 5))?
0
Calculate 6 - (4 - (-5 + -3)).
-6
Calculate (-4 - (1 - -6)) + 16.
5
What is the value of 0 - 1 - ((6 - 15) + 7)?
1
Evaluate (-3 - ((0 - 3) + 0)) + -2.
-2
What is -10 + (-11 - (-12 + 1))?
-10
What is 5 + -6 - (4 + -4 + 1)?
-2
Evaluate -2 - (1